3
What is the units digit of 2187?
7
What is the tens digit of 4253?
5
What is the tens digit of 3293?
9
What is the units digit of 1271?
1
What is the units digit of 3520?
0
What is the units digit of 1032?
2
What is the tens digit of 591?
9
What is the hundreds digit of 5335?
3
What is the units digit of 4101?
1
What is the units digit of 17927?
7
What is the tens digit of 22?
2
What is the tens digit of 2116?
1
What is the tens digit of 512?
1
What is the thousands digit of 51239?
1
What is the hundreds digit of 907?
9
What is the tens digit of 3046?
4
What is the units digit of 7432?
2
What is the units digit of 26115?
5
What is the units digit of 8078?
8
What is the units digit of 5356?
6
What is the tens digit of 1463?
6
What is the thousands digit of 1028?
1
What is the thousands digit of 4835?
4
What is the ten thousands digit of 32590?
3
What is the tens digit of 52474?
7
What is the hundreds digit of 4062?
0
What is the thousands digit of 12709?
2
What is the units digit of 258?
8
What is the thousands digit of 116901?
6
What is the units digit of 16586?
6
What is the hundreds digit of 1092?
0
What is the tens digit of 2752?
5
What is the tens digit of 953?
5
What is the thousands digit of 7064?
7
What is the units digit of 907?
7
What is the hundreds digit of 1493?
4
What is the thousands digit of 1701?
1
What is the hundreds digit of 724?
7
What is the thousands digit of 2890?
2
What is the hundreds digit of 1691?
6
What is the units digit of 7444?
4
What is the units digit of 34562?
2
What is the hundreds digit of 111?
1
What is the tens digit of 9742?
4
What is the hundreds digit of 37923?
9
What is the tens digit of 12160?
6
What is the tens digit of 640?
4
What is the hundreds digit of 1529?
5
What is the thousands digit of 12958?
2
What is the tens digit of 61?
6
What is the units digit of 3003?
3
What is the units digit of 2426?
6
What is the thousands digit of 15785?
5
What is the ten thousands digit of 25400?
2
What is the ten thousands digit of 19442?
1
What is the units digit of 840?
0
What is the thousands digit of 2566?
2
What is the thousands digit of 3826?
3
What is the ten thousands digit of 11413?
1
What is the thousands digit of 34597?
4
What is the thousands digit of 2139?
2
What is the ten thousands digit of 13120?
1
What is the units digit of 18722?
2
What is the ten thousands digit of 11506?
1
What is the thousands digit of 7660?
7
What is the hundreds digit of 508?
5
What is the hundreds digit of 5448?
4
What is the tens digit of 514?
1
What is the tens digit of 33488?
8
What is the units digit of 1105?
5
What is the units digit of 2813?
3
What is the thousands digit of 6341?
6
What is the tens digit of 634?
3
What is the units digit of 2019?
9
What is the hundreds digit of 11021?
0
What is the units digit of 13787?
7
What is the tens digit of 179?
7
What is the hundreds digit of 14559?
5
What is the units digit of 20469?
9
What is the hundreds digit of 2680?
6
What is the units digit of 48425?
5
What is the thousands digit of 2086?
2
What is the thousands digit of 1476?
1
What is the hundreds digit of 1732?
7
What is the tens digit of 18468?
6
What is the hundreds digit of 18085?
0
What is the tens digit of 755?
5
What is the units digit of 3211?
1
What is the units digit of 2173?
3
What is the tens digit of 4742?
4
What is the tens digit of 4581?
8
What is the tens digit of 1330?
3
What is the tens digit of 164125?
2
What is the hundreds digit of 17431?
4
What is the tens digit of 16910?
1
What is the thousands digit of 172159?
2
What is the thousands digit of 2176?
2
What is the hundreds digit of 764?
7
What is the thousands digit of 5843?
5
What is the tens digit of 728?
2
What is the hundreds digit of 2699?
6
What is the tens digit of 2517?
1
What is the tens digit of 705?
0
What is the tens digit of 24888?
8
What is the units digit of 203?
3
What is the tens digit of 54209?
0
What is the tens digit of 116?
1
What is the thousands digit of 3277?
3
What is the units digit of 2855?
5
What is the thousands digit of 2036?
2
What is the units digit of 12731?
1
What is the units digit of 5638?
8
What is the units digit of 1534?
4
What is the hundreds digit of 13376?
3
What is the units digit of 585?
5
What is the thousands digit of 2592?
2
What is the units digit of 1571?
1
What is the ten thousands digit of 38310?
3
What is the hundreds digit of 5443?
4
What is the tens digit of 227?
2
What is the tens digit of 1508?
0
What is the thousands digit of 1182?
1
What is the units digit of 2660?
0
What is the thousands digit of 22171?
2
What is the hundreds digit of 19590?
5
What is the units digit of 4601?
1
What is the tens digit of 60?
6
What is the hundreds digit of 846?
8
What is the ten thousands digit of 35720?
3
What is the tens digit of 93?
9
What is the tens digit of 1284?
8
What is the units digit of 76036?
6
What is the thousands digit of 2564?
2
What is the ten thousands digit of 28414?
2
What is the thousands digit of 30272?
0
What is the units digit of 2484?
4
What is the tens digit of 2512?
1
What is the ten thousands digit of 54560?
5
What is the tens digit of 990?
9
What is the hundreds digit of 8106?
1
What is the units digit of 2308?
8
What is the thousands digit of 16582?
6
What is the tens digit of 2443?
4
What is the hundreds digit of 3879?
8
What is the tens digit of 2708?
0
What is the thousands digit of 2542?
2
What is the units digit of 14101?
1
What is the units digit of 8605?
5
What is the tens digit of 982?
8
What is the tens digit of 2283?
8
What is the units digit of 2509?
9
What is the units digit of 106615?
5
What is the units digit of 53139?
9
What is the thousands digit of 8462?
8
What is the hundreds digit of 536?
5
What is the hundreds digit of 2980?
9
What is the tens digit of 693?
9
What is the hundreds digit of 2495?
4
What is the tens digit of 25092?
9
What is the hundreds digit of 31215?
2
What is the hundreds digit of 4064?
0
What is the tens digit of 5233?
3
What is the hundreds digit of 4340?
3
What is the thousands digit of 12055?
2
What is the units digit of 5139?
9
What is the thousands digit of 3057?
3
What is the units digit of 837?
7
What is the units digit of 15?
5
What is the thousands digit of 54483?
4
What is the thousands digit of 10745?
0
What is the thousands digit of 1199?
1
What is the units digit of 65?
5
What is the thousands digit of 7181?
7
What is the hundreds digit of 8543?
5
What is the units digit of 484?
4
What is the ten thousands digit of 53070?
5
What is the tens digit of 26543?
4
What is the tens digit of 111210?
1
What is the thousands digit of 21034?
1
What is the thousands digit of 46758?
6
What is the tens digit of 2004?
0
What is the thousands digit of 23229?
3
What is the tens digit of 8443?
4
What is the hundreds digit of 278?
2
What is the units digit of 1823?
3
What is the tens digit of 3346?
4
What is the hundreds digit of 12511?
5
What is the tens digit of 54493?
9
What is the units digit of 508?
8
What is the thousands digit of 43958?
3
What is the thousands digit of 3566?
3
What is the tens digit of 4181?
8
What is the ten thousands digit of 52807?
5
What is the hundreds digit of 4225?
2
What is the units digit of 20506?
6
What is the thousands digit of 4776?
4
What is the units digit of 1174?
4
What is the thousands digit of 94703?
4
What is the thousands digit of 31913?
1
What is the units digit of 88?
8
What is the thousands digit of 3998?
3
What is the tens digit of 45?
4
What is the thousands digit of 61588?
1
What is the hundreds digit of 2005?
0
What is the hundreds digit of 600?
6
What is the tens digit of 10248?
4
What is the ten thousands digit of 16285?
1
What is the ten thousands digit of 17364?
1
What is the units digit of 1239?
9
What is the units digit of 50465?
5
What is the units digit of 9956?
6
What is the tens digit of 4310?
1
What is the units digit of 3236?
6
What is the hundreds digit of 103106?
1
What is the tens digit of 45189?
8
What is the hundreds digit of 136360?
3
What is the tens digit of 203?
0
What is the tens digit of 112151?
5
What is the units digit of 2079?
9
What is the ten thousands digit of 43432?
4
What is the tens digit of 4204?
0
What is the units digit of 8653?
3
What is the hundred